ided by 59?
30
Calculate the remainder when 172 is divided by 62.
48
Calculate the remainder when 31 is divided by 12.
7
Calculate the remainder when 925 is divided by 9.
7
Calculate the remainder when 667 is divided by 56.
51
What is the remainder when 2161 is divided by 197?
191
What is the remainder when 62 is divided by 36?
26
Calculate the remainder when 297 is divided by 192.
105
Calculate the remainder when 4464 is divided by 41.
36
What is the remainder when 1238 is divided by 594?
50
What is the remainder when 28048 is divided by 51?
49
Calculate the remainder when 527 is divided by 207.
113
Calculate the remainder when 240 is divided by 30.
0
What is the remainder when 569 is divided by 32?
25
Calculate the remainder when 821 is divided by 264.
29
Calculate the remainder when 282 is divided by 127.
28
Calculate the remainder when 34 is divided by 20.
14
What is the remainder when 206 is divided by 52?
50
Calculate the remainder when 5391 is divided by 31.
28
Calculate the remainder when 97 is divided by 8.
1
Calculate the remainder when 101 is divided by 45.
11
Calculate the remainder when 996 is divided by 484.
28
Calculate the remainder when 482 is divided by 18.
14
Calculate the remainder when 169 is divided by 57.
55
What is the remainder when 345 is divided by 108?
21
Calculate the remainder when 179 is divided by 68.
43
Calculate the remainder when 274 is divided by 92.
90
What is the remainder when 5333 is divided by 41?
3
What is the remainder when 334 is divided by 22?
4
What is the remainder when 158 is divided by 39?
2
What is the remainder when 418 is divided by 28?
26
What is the remainder when 1231 is divided by 251?
227
Calculate the remainder when 10 is divided by 1.
0
What is the remainder when 1143 is divided by 189?
9
Calculate the remainder when 338 is divided by 314.
24
What is the remainder when 720 is divided by 357?
6
What is the remainder when 681 is divided by 38?
35
What is the remainder when 283 is divided by 71?
70
Calculate the remainder when 637 is divided by 20.
17
What is the remainder when 1107 is divided by 553?
1
Calculate the remainder when 1920 is divided by 70.
30
What is the remainder when 18 is divided by 3?
0
Calculate the remainder when 731 is divided by 6.
5
Calculate the remainder when 3604 is divided by 45.
4
What is the remainder when 398 is divided by 10?
8
Calculate the remainder when 4110 is divided by 171.
6
What is the remainder when 662 is divided by 51?
50
Calculate the remainder when 2537 is divided by 13.
2
Calculate the remainder when 2023 is divided by 2017.
6
What is the remainder when 121 is divided by 18?
13
What is the remainder when 168 is divided by 35?
28
Calculate the remainder when 273 is divided by 147.
126
Calculate the remainder when 1447 is divided by 23.
21
What is the remainder when 275 is divided by 47?
40
What is the remainder when 326 is divided by 246?
80
Calculate the remainder when 190 is divided by 62.
4
Calculate the remainder when 225 is divided by 105.
15
Calculate the remainder when 19304 is divided by 27.
26
What is the remainder when 558 is divided by 186?
0
What is the remainder when 812 is divided by 395?
22
Calculate the remainder when 41 is divided by 21.
20
Calculate the remainder when 13198 is divided by 1099.
10
Calculate the remainder when 2194 is divided by 717.
43
What is the remainder when 182 is divided by 76?
30
What is the remainder when 403 is divided by 391?
12
Calculate the remainder when 583 is divided by 84.
79
Calculate the remainder when 85 is divided by 2.
1
What is the remainder when 177 is divided by 50?
27
Calculate the remainder when 606 is divided by 28.
18
Calculate the remainder when 201 is divided by 12.
9
What is the remainder when 587 is divided by 320?
267
Calculate the remainder when 1815 is divided by 603.
6
Calculate the remainder when 1300 is divided by 141.
31
Calculate the remainder when 77 is divided by 19.
1
Calculate the remainder when 608 is divided by 183.
59
Calculate the remainder when 104 is divided by 42.
20
Calculate the remainder when 203 is divided by 17.
16
Calculate the remainder when 727 is divided by 27.
25
What is the remainder when 1246 is divided by 16?
14
What is the remainder when 1368 is divided by 73?
54
What is the remainder when 211 is divided by 55?
46
What is the remainder when 369 is divided by 362?
7
What is the remainder when 155 is divided by 63?
29
Calculate the remainder when 266 is divided by 252.
14
Calculate the remainder when 234 is divided by 23.
4
Calculate the remainder when 173 is divided by 16.
13
What is the remainder when 713 is divided by 65?
63
Calculate the remainder when 351 is divided by 71.
67
Calculate the remainder when 41 is divided by 5.
1
What is the remainder when 124 is divided by 29?
8
What is the remainder when 36 is divided by 14?
8
Calculate the remainder when 220 is divided by 75.
70
Calculate the remainder when 5263 is divided by 11.
5
What is the remainder when 980 is divided by 110?
100
What is the remainder when 4069 is divided by 69?
67
What is the remainder when 432 is divided by 17?
7
What is the remainder when 426 is divided by 13?
10
What is the remainder when 714 is divided by 149?
118
What is the remainder when 280 is divided by 78?
46
What is the remainder when 55 is divided by 18?
1
Calculate the remainder when 285 is divided by 168.
117
What is the remainder when 5715 is divided by 204?
3
Calculate the remainder when 253 is divided by 171.
82
Calculate the remainder when 294 is divided by 25.
19
What is the remainder when 4746 is divided by 54?
48
What is the remainder when 400 is divided by 26?
10
Calculate the remainder when 163 is divided by 96.
67
Calculate the remainder when 413 is divided by 46.
45
Calculate the remainder when 15 is divided by 7.
1
What is the remainder when 128 is divided by 89?
39
What is the remainder when 203 is divided by 30?
23
What is the remainder when 221 is divided by 48?
29
What is the remainder when 218 is divided by 42?
8
What is the remainder when 607 is divided by 61?
58
Calculate the remainder when 113 is divided by 2.
1
What is the remainder when 256 is divided by 43?
41
What is the remainder when 1532 is divided by 118?
116
What is the remainder when 86 is divided by 30?
26
What is the remainder when 399 is divided by 22?
3
Calculate the remainder when 602 is divided by 67.
66
Calculate the remainder when 969 is divided by 27.
24
What is the remainder when 1007 is divided by 28?
27
Calculate the remainder when 4192 is divided by 17.
10
What is the remainder when 490 is divided by 12?
10
What is the remainder when 391 is divided by 29?
14
What is the remainder when 97 is divided by 36?
25
Calculate the remainder when 2425 is divided by 30.
25
Calculate the remainder when 368 is divided by 48.
32
What is the remainder when 54 is divided by 31?
23
Calculate the remainder when 9368 is divided by 5.
3
What is the remainder when 163 is divided by 42?
37
Calculate the remainder when 89 is divided by 31.
27
What is the remainder when 492 is divided by 15?
12
Calculate the remainder when 183 is divided by 45.
3
What is the remainder when 1194 is divided by 63?
60
Calculate the remainder when 450 is divided by 448.
2
Calculate the remainder when 157 is divided by 57.
43
What is the remainder when 1369 is divided by 341?
5
Calculate the remainder when 31 is divided by 17.
14
What is the remainder when 297 is divided by 75?
72
Calculate the remainder when 270 is divided by 36.
18
What is the remainder when 250 is divided by 28?
26
Calculate the remainder when 9307 is divided by 19.
16
What is the remainder when 1995 is divided by 327?
33
What is the remainder when 969 is divided by 7?
3
What is the remainder when 543 is divided by 140?
123
What is the remainder when 2 is divided by 2?
0
What is the remainder when 330 is divided by 42?
36
What is the remainder when 61 is divided by 60?
1
Calculate the remainder when 114 is divided by 74.
40
Calculate the remainder when 828 is divided by 49.
44
Calculate the remainder when 12 is divided by 5.
2
What is the remainder when 22 is divided by 8?
6
Calculate the remainder when 8136 is divided by 31.
14
What is the remainder when 3478 is divided by 71?
70
What i